{"id":735,"date":"2023-05-25T06:48:26","date_gmt":"2023-05-25T10:48:26","guid":{"rendered":"https:\/\/benyandrobertohostel.com\/?page_id=735"},"modified":"2023-05-25T06:55:21","modified_gmt":"2023-05-25T10:55:21","slug":"plaza-del-carmen","status":"publish","type":"page","link":"https:\/\/benyandrobertohostel.com\/en\/plaza-del-carmen\/","title":{"rendered":"Carmen Square"},"content":{"rendered":"<div data-colibri-id=\"735-c1\" class=\"style-506 style-local-735-c1 position-relative\">\n  <!---->\n  <div data-colibri-component=\"section\" data-colibri-id=\"735-c2\" id=\"reusable-sections\" class=\"h-section h-section-global-spacing d-flex align-items-lg-center align-items-md-center align-items-center style-507 style-local-735-c2 position-relative\">\n    <!---->\n    <!---->\n    <div class=\"h-section-grid-container h-section-boxed-container\">\n      <!---->\n      <div data-colibri-id=\"735-c3\" class=\"h-row-container gutters-row-lg-2 gutters-row-md-2 gutters-row-2 gutters-row-v-lg-2 gutters-row-v-md-2 gutters-row-v-2 style-508 style-local-735-c3 position-relative\">\n        <!---->\n        <div class=\"h-row justify-content-lg-center justify-content-md-center justify-content-center align-items-lg-stretch align-items-md-stretch align-items-stretch gutters-col-lg-2 gutters-col-md-2 gutters-col-2 gutters-col-v-lg-2 gutters-col-v-md-2 gutters-col-v-2\">\n          <!---->\n          <div class=\"h-column h-column-container d-flex h-col-lg-auto h-col-md-auto h-col-auto style-509-outer style-local-735-c4-outer\">\n            <div data-colibri-id=\"735-c4\" class=\"d-flex h-flex-basis h-column__inner h-px-lg-0 h-px-md-0 h-px-0 v-inner-lg-0 v-inner-md-0 v-inner-0 style-509 style-local-735-c4 position-relative\">\n              <!---->\n              <!---->\n              <div class=\"w-100 h-y-container h-column__content h-column__v-align flex-basis-100 align-self-lg-start align-self-md-start align-self-start\">\n                <!---->\n                <div data-colibri-id=\"735-c6\" class=\"h-text h-text-component style-511 style-local-735-c6 position-relative h-element\">\n                  <!---->\n                  <!---->\n                  <div class=\"\">\n                    <p><span style=\"font-weight: 400;\">In this place, located in the then referred to as the Antonio or Ant\u00f3n D\u00edaz ranch, on the 15th of July 1689, in a simple ceremony, the city was founded in the territory that the Cuban aborigines called \"Cubanacan\". Its foundation is due to the establishment in this area of a group of families coming from San Juan de los Remedios who were looking for protection from the continuous attacks of corsairs and pirates to the coastal populations. Its town council held its first session in 1690 and in 1867 it achieved the title of city.<br><br>Today the site is marked by an obelisk surrounding a Tamarindo tree, the symbol of the town, very close to the church of the same name, which commemorates the first mass that took place and which made the creation of the town official. For some time the development of Santa Clara was centred around this place, today its centre is a little further south. By historical coincidence, an action of the battle of Santa Clara took place in this area, when the police station was attacked by the suicide platoon of column # 8 of the rebel army, commanded by Captain Roberto Rodriguez \"El Vaquerito\", who fell in combat. At the foot of the tamarind tree a plaque commemorates the brave fighter.<\/span><\/p>\n                    <p><span style=\"font-weight: 400;\">Just 500 m from the centre you will find this site steeped in history.<\/span><\/p>\n                  <\/div>\n                <\/div>\n                <div data-colibri-id=\"735-c8\" class=\"d-block style-510 style-local-735-c8 position-relative h-element\">\n                  <!---->\n                  <div class=\"h-image__frame-container-outer\">\n                    <div class=\"h-image__frame-container\">\n                      <!---->\n                      <!---->\n                      <img loading=\"lazy\" decoding=\"async\" width=\"720\" height=\"473\" src=\"https:\/\/benyandrobertohostel.com\/wp-content\/uploads\/2023\/05\/carmen.jpg\" class=\"wp-image-783 style-510-image style-local-735-c8-image\" alt=\"\" srcset=\"https:\/\/benyandrobertohostel.com\/wp-content\/uploads\/2023\/05\/carmen.jpg 720w, https:\/\/benyandrobertohostel.com\/wp-content\/uploads\/2023\/05\/carmen-300x197.jpg 300w\" sizes=\"auto, (max-width: 720px) 100vw, 720px\" \/>\n                      <div class=\"h-image__frame style-510-frameImage style-local-735-c8-frameImage\"><\/div>\n                    <\/div>\n                  <\/div>\n                <\/div>\n              <\/div>\n            <\/div>\n          <\/div>\n        <\/div>\n      <\/div>\n    <\/div>\n  <\/div>\n<\/div>","protected":false},"excerpt":{"rendered":"<p>En este lugar, enclavado en el entonces referido hato de Antonio o Ant\u00f3n D\u00edaz, el 15 de Julio de 1689, en una sencilla ceremonia, fue fundada la ciudad, en el territorio que los abor\u00edgenes cubanos denominaban \u201cCubanacan\u201d. Su fundaci\u00f3n se debe al establecimiento en esta zona de un grupo de familias provenientes de San Juan [&hellip;]<\/p>\n","protected":false},"author":1,"featured_media":0,"parent":0,"menu_order":0,"comment_status":"closed","ping_status":"closed","template":"page-templates\/full-width-page.php","meta":{"footnotes":""},"class_list":["post-735","page","type-page","status-publish","hentry"],"yoast_head":"<!-- This site is optimized with the Yoast SEO plugin v27.4 - https:\/\/yoast.com\/product\/yoast-seo-wordpress\/ -->\n<title>Plaza del Carmen - Beny and Roberto Hostel<\/title>\n<meta name=\"robots\" content=\"index, follow, max-snippet:-1, max-image-preview:large, max-video-preview:-1\" \/>\n<link rel=\"canonical\" href=\"https:\/\/benyandrobertohostel.com\/en\/plaza-del-carmen\/\" \/>\n<meta property=\"og:locale\" content=\"en_GB\" \/>\n<meta property=\"og:type\" content=\"article\" \/>\n<meta property=\"og:title\" content=\"Plaza del Carmen - Beny and Roberto Hostel\" \/>\n<meta property=\"og:description\" content=\"En este lugar, enclavado en el entonces referido hato de Antonio o Ant\u00f3n D\u00edaz, el 15 de Julio de 1689, en una sencilla ceremonia, fue fundada la ciudad, en el territorio que los abor\u00edgenes cubanos denominaban \u201cCubanacan\u201d. Su fundaci\u00f3n se debe al establecimiento en esta zona de un grupo de familias provenientes de San Juan [&hellip;]\" \/>\n<meta property=\"og:url\" content=\"https:\/\/benyandrobertohostel.com\/en\/plaza-del-carmen\/\" \/>\n<meta property=\"og:site_name\" content=\"Beny and Roberto Hostel\" \/>\n<meta property=\"article:modified_time\" content=\"2023-05-25T10:55:21+00:00\" \/>\n<meta property=\"og:image\" content=\"https:\/\/benyandrobertohostel.com\/wp-content\/uploads\/2023\/05\/carmen.jpg\" \/>\n\t<meta property=\"og:image:width\" content=\"720\" \/>\n\t<meta property=\"og:image:height\" content=\"473\" \/>\n\t<meta property=\"og:image:type\" content=\"image\/jpeg\" \/>\n<meta name=\"twitter:card\" content=\"summary_large_image\" \/>\n<meta name=\"twitter:label1\" content=\"Estimated reading time\" \/>\n\t<meta name=\"twitter:data1\" content=\"1 minute\" \/>\n<script type=\"application\/ld+json\" class=\"yoast-schema-graph\">{\"@context\":\"https:\\\/\\\/schema.org\",\"@graph\":[{\"@type\":\"WebPage\",\"@id\":\"https:\\\/\\\/benyandrobertohostel.com\\\/plaza-del-carmen\\\/\",\"url\":\"https:\\\/\\\/benyandrobertohostel.com\\\/plaza-del-carmen\\\/\",\"name\":\"Plaza del Carmen - Beny and Roberto Hostel\",\"isPartOf\":{\"@id\":\"https:\\\/\\\/benyandrobertohostel.com\\\/#website\"},\"primaryImageOfPage\":{\"@id\":\"https:\\\/\\\/benyandrobertohostel.com\\\/plaza-del-carmen\\\/#primaryimage\"},\"image\":{\"@id\":\"https:\\\/\\\/benyandrobertohostel.com\\\/plaza-del-carmen\\\/#primaryimage\"},\"thumbnailUrl\":\"https:\\\/\\\/benyandrobertohostel.com\\\/wp-content\\\/uploads\\\/2023\\\/05\\\/carmen.jpg\",\"datePublished\":\"2023-05-25T10:48:26+00:00\",\"dateModified\":\"2023-05-25T10:55:21+00:00\",\"breadcrumb\":{\"@id\":\"https:\\\/\\\/benyandrobertohostel.com\\\/plaza-del-carmen\\\/#breadcrumb\"},\"inLanguage\":\"en-GB\",\"potentialAction\":[{\"@type\":\"ReadAction\",\"target\":[\"https:\\\/\\\/benyandrobertohostel.com\\\/plaza-del-carmen\\\/\"]}]},{\"@type\":\"ImageObject\",\"inLanguage\":\"en-GB\",\"@id\":\"https:\\\/\\\/benyandrobertohostel.com\\\/plaza-del-carmen\\\/#primaryimage\",\"url\":\"https:\\\/\\\/benyandrobertohostel.com\\\/wp-content\\\/uploads\\\/2023\\\/05\\\/carmen.jpg\",\"contentUrl\":\"https:\\\/\\\/benyandrobertohostel.com\\\/wp-content\\\/uploads\\\/2023\\\/05\\\/carmen.jpg\"},{\"@type\":\"BreadcrumbList\",\"@id\":\"https:\\\/\\\/benyandrobertohostel.com\\\/plaza-del-carmen\\\/#breadcrumb\",\"itemListElement\":[{\"@type\":\"ListItem\",\"position\":1,\"name\":\"Portada\",\"item\":\"https:\\\/\\\/benyandrobertohostel.com\\\/\"},{\"@type\":\"ListItem\",\"position\":2,\"name\":\"Plaza del Carmen\"}]},{\"@type\":\"WebSite\",\"@id\":\"https:\\\/\\\/benyandrobertohostel.com\\\/#website\",\"url\":\"https:\\\/\\\/benyandrobertohostel.com\\\/\",\"name\":\"Beny and Roberto Hostel\",\"description\":\"La mejor opci\u00f3n en el centro de la isla\",\"publisher\":{\"@id\":\"https:\\\/\\\/benyandrobertohostel.com\\\/#organization\"},\"potentialAction\":[{\"@type\":\"SearchAction\",\"target\":{\"@type\":\"EntryPoint\",\"urlTemplate\":\"https:\\\/\\\/benyandrobertohostel.com\\\/?s={search_term_string}\"},\"query-input\":{\"@type\":\"PropertyValueSpecification\",\"valueRequired\":true,\"valueName\":\"search_term_string\"}}],\"inLanguage\":\"en-GB\"},{\"@type\":\"Organization\",\"@id\":\"https:\\\/\\\/benyandrobertohostel.com\\\/#organization\",\"name\":\"Beny and Roberto Hostel\",\"url\":\"https:\\\/\\\/benyandrobertohostel.com\\\/\",\"logo\":{\"@type\":\"ImageObject\",\"inLanguage\":\"en-GB\",\"@id\":\"https:\\\/\\\/benyandrobertohostel.com\\\/#\\\/schema\\\/logo\\\/image\\\/\",\"url\":\"https:\\\/\\\/benyandrobertohostel.com\\\/wp-content\\\/uploads\\\/2023\\\/05\\\/logo.png\",\"contentUrl\":\"https:\\\/\\\/benyandrobertohostel.com\\\/wp-content\\\/uploads\\\/2023\\\/05\\\/logo.png\",\"width\":395,\"height\":66,\"caption\":\"Beny and Roberto Hostel\"},\"image\":{\"@id\":\"https:\\\/\\\/benyandrobertohostel.com\\\/#\\\/schema\\\/logo\\\/image\\\/\"}}]}<\/script>\n<!-- \/ Yoast SEO plugin. -->","yoast_head_json":{"title":"Plaza del Carmen - Beny and Roberto Hostel","robots":{"index":"index","follow":"follow","max-snippet":"max-snippet:-1","max-image-preview":"max-image-preview:large","max-video-preview":"max-video-preview:-1"},"canonical":"https:\/\/benyandrobertohostel.com\/en\/plaza-del-carmen\/","og_locale":"en_GB","og_type":"article","og_title":"Plaza del Carmen - Beny and Roberto Hostel","og_description":"En este lugar, enclavado en el entonces referido hato de Antonio o Ant\u00f3n D\u00edaz, el 15 de Julio de 1689, en una sencilla ceremonia, fue fundada la ciudad, en el territorio que los abor\u00edgenes cubanos denominaban \u201cCubanacan\u201d. Su fundaci\u00f3n se debe al establecimiento en esta zona de un grupo de familias provenientes de San Juan [&hellip;]","og_url":"https:\/\/benyandrobertohostel.com\/en\/plaza-del-carmen\/","og_site_name":"Beny and Roberto Hostel","article_modified_time":"2023-05-25T10:55:21+00:00","og_image":[{"width":720,"height":473,"url":"https:\/\/benyandrobertohostel.com\/wp-content\/uploads\/2023\/05\/carmen.jpg","type":"image\/jpeg"}],"twitter_card":"summary_large_image","twitter_misc":{"Estimated reading time":"1 minute"},"schema":{"@context":"https:\/\/schema.org","@graph":[{"@type":"WebPage","@id":"https:\/\/benyandrobertohostel.com\/plaza-del-carmen\/","url":"https:\/\/benyandrobertohostel.com\/plaza-del-carmen\/","name":"Plaza del Carmen - Beny and Roberto Hostel","isPartOf":{"@id":"https:\/\/benyandrobertohostel.com\/#website"},"primaryImageOfPage":{"@id":"https:\/\/benyandrobertohostel.com\/plaza-del-carmen\/#primaryimage"},"image":{"@id":"https:\/\/benyandrobertohostel.com\/plaza-del-carmen\/#primaryimage"},"thumbnailUrl":"https:\/\/benyandrobertohostel.com\/wp-content\/uploads\/2023\/05\/carmen.jpg","datePublished":"2023-05-25T10:48:26+00:00","dateModified":"2023-05-25T10:55:21+00:00","breadcrumb":{"@id":"https:\/\/benyandrobertohostel.com\/plaza-del-carmen\/#breadcrumb"},"inLanguage":"en-GB","potentialAction":[{"@type":"ReadAction","target":["https:\/\/benyandrobertohostel.com\/plaza-del-carmen\/"]}]},{"@type":"ImageObject","inLanguage":"en-GB","@id":"https:\/\/benyandrobertohostel.com\/plaza-del-carmen\/#primaryimage","url":"https:\/\/benyandrobertohostel.com\/wp-content\/uploads\/2023\/05\/carmen.jpg","contentUrl":"https:\/\/benyandrobertohostel.com\/wp-content\/uploads\/2023\/05\/carmen.jpg"},{"@type":"BreadcrumbList","@id":"https:\/\/benyandrobertohostel.com\/plaza-del-carmen\/#breadcrumb","itemListElement":[{"@type":"ListItem","position":1,"name":"Portada","item":"https:\/\/benyandrobertohostel.com\/"},{"@type":"ListItem","position":2,"name":"Plaza del Carmen"}]},{"@type":"WebSite","@id":"https:\/\/benyandrobertohostel.com\/#website","url":"https:\/\/benyandrobertohostel.com\/","name":"Beny and Roberto Hostel","description":"La mejor opci\u00f3n en el centro de la isla","publisher":{"@id":"https:\/\/benyandrobertohostel.com\/#organization"},"potentialAction":[{"@type":"SearchAction","target":{"@type":"EntryPoint","urlTemplate":"https:\/\/benyandrobertohostel.com\/?s={search_term_string}"},"query-input":{"@type":"PropertyValueSpecification","valueRequired":true,"valueName":"search_term_string"}}],"inLanguage":"en-GB"},{"@type":"Organization","@id":"https:\/\/benyandrobertohostel.com\/#organization","name":"Beny and Roberto Hostel","url":"https:\/\/benyandrobertohostel.com\/","logo":{"@type":"ImageObject","inLanguage":"en-GB","@id":"https:\/\/benyandrobertohostel.com\/#\/schema\/logo\/image\/","url":"https:\/\/benyandrobertohostel.com\/wp-content\/uploads\/2023\/05\/logo.png","contentUrl":"https:\/\/benyandrobertohostel.com\/wp-content\/uploads\/2023\/05\/logo.png","width":395,"height":66,"caption":"Beny and Roberto Hostel"},"image":{"@id":"https:\/\/benyandrobertohostel.com\/#\/schema\/logo\/image\/"}}]}},"_links":{"self":[{"href":"https:\/\/benyandrobertohostel.com\/en\/wp-json\/wp\/v2\/pages\/735","targetHints":{"allow":["GET"]}}],"collection":[{"href":"https:\/\/benyandrobertohostel.com\/en\/wp-json\/wp\/v2\/pages"}],"about":[{"href":"https:\/\/benyandrobertohostel.com\/en\/wp-json\/wp\/v2\/types\/page"}],"author":[{"embeddable":true,"href":"https:\/\/benyandrobertohostel.com\/en\/wp-json\/wp\/v2\/users\/1"}],"replies":[{"embeddable":true,"href":"https:\/\/benyandrobertohostel.com\/en\/wp-json\/wp\/v2\/comments?post=735"}],"version-history":[{"count":2,"href":"https:\/\/benyandrobertohostel.com\/en\/wp-json\/wp\/v2\/pages\/735\/revisions"}],"predecessor-version":[{"id":785,"href":"https:\/\/benyandrobertohostel.com\/en\/wp-json\/wp\/v2\/pages\/735\/revisions\/785"}],"wp:attachment":[{"href":"https:\/\/benyandrobertohostel.com\/en\/wp-json\/wp\/v2\/media?parent=735"}],"curies":[{"name":"wp","href":"https:\/\/api.w.org\/{rel}","templated":true}]}}

<div data-colibri-id="735-c1" class="style-506 style-local-735-c1 position-relative">
  <!---->
  <div data-colibri-component="section" data-colibri-id="735-c2" id="reusable-sections" class="h-section h-section-global-spacing d-flex align-items-lg-center align-items-md-center align-items-center style-507 style-local-735-c2 position-relative">
    <!---->
    <!---->
    <div class="h-section-grid-container h-section-boxed-container">
      <!---->
      <div data-colibri-id="735-c3" class="h-row-container gutters-row-lg-2 gutters-row-md-2 gutters-row-2 gutters-row-v-lg-2 gutters-row-v-md-2 gutters-row-v-2 style-508 style-local-735-c3 position-relative">
        <!---->
        <div class="h-row justify-content-lg-center justify-content-md-center justify-content-center align-items-lg-stretch align-items-md-stretch align-items-stretch gutters-col-lg-2 gutters-col-md-2 gutters-col-2 gutters-col-v-lg-2 gutters-col-v-md-2 gutters-col-v-2">
          <!---->
          <div class="h-column h-column-container d-flex h-col-lg-auto h-col-md-auto h-col-auto style-509-outer style-local-735-c4-outer">
            <div data-colibri-id="735-c4" class="d-flex h-flex-basis h-column__inner h-px-lg-0 h-px-md-0 h-px-0 v-inner-lg-0 v-inner-md-0 v-inner-0 style-509 style-local-735-c4 position-relative">
              <!---->
              <!---->
              <div class="w-100 h-y-container h-column__content h-column__v-align flex-basis-100 align-self-lg-start align-self-md-start align-self-start">
                <!---->
                <div data-colibri-id="735-c6" class="h-text h-text-component style-511 style-local-735-c6 position-relative h-element">
                  <!---->
                  <!---->
                  <div class="">
                    <p><span style="font-weight: 400;">In this place, located in the then referred to as the Antonio or Antón Díaz ranch, on the 15th of July 1689, in a simple ceremony, the city was founded in the territory that the Cuban aborigines called "Cubanacan". Its foundation is due to the establishment in this area of a group of families coming from San Juan de los Remedios who were looking for protection from the continuous attacks of corsairs and pirates to the coastal populations. Its town council held its first session in 1690 and in 1867 it achieved the title of city.<br><br>Today the site is marked by an obelisk surrounding a Tamarindo tree, the symbol of the town, very close to the church of the same name, which commemorates the first mass that took place and which made the creation of the town official. For some time the development of Santa Clara was centred around this place, today its centre is a little further south. By historical coincidence, an action of the battle of Santa Clara took place in this area, when the police station was attacked by the suicide platoon of column # 8 of the rebel army, commanded by Captain Roberto Rodriguez "El Vaquerito", who fell in combat. At the foot of the tamarind tree a plaque commemorates the brave fighter.</span></p>
                    <p><span style="font-weight: 400;">Just 500 m from the centre you will find this site steeped in history.</span></p>
                  </div>
                </div>
                <div data-colibri-id="735-c8" class="d-block style-510 style-local-735-c8 position-relative h-element">
                  <!---->
                  <div class="h-image__frame-container-outer">
                    <div class="h-image__frame-container">
                      <!---->
                      <!---->
                      <img loading="lazy" decoding="async" width="720" height="473" src="https://benyandrobertohostel.com/wp-content/uploads/2023/05/carmen.jpg" class="wp-image-783 style-510-image style-local-735-c8-image" alt="" srcset="https://benyandrobertohostel.com/wp-content/uploads/2023/05/carmen.jpg 720w, https://benyandrobertohostel.com/wp-content/uploads/2023/05/carmen-300x197.jpg 300w" sizes="auto, (max-width: 720px) 100vw, 720px" />
                      <div class="h-image__frame style-510-frameImage style-local-735-c8-frameImage"></div>
                    </div>
                  </div>
                </div>
              </div>
            </div>
          </div>
        </div>
      </div>
    </div>
  </div>
</div>

<p>En este lugar, enclavado en el entonces referido hato de Antonio o Antón Díaz, el 15 de Julio de 1689, en una sencilla ceremonia, fue fundada la ciudad, en el territorio que los aborígenes cubanos denominaban “Cubanacan”. Su fundación se debe al establecimiento en esta zona de un grupo de familias provenientes de San Juan [&hellip;]</p>

<!-- This site is optimized with the Yoast SEO plugin v27.4 - https://yoast.com/product/yoast-seo-wordpress/ -->
<title>Plaza del Carmen - Beny and Roberto Hostel</title>
<meta name="robots" content="index, follow, max-snippet:-1, max-image-preview:large, max-video-preview:-1" />
<link rel="canonical" href="https://benyandrobertohostel.com/en/plaza-del-carmen/" />
<meta property="og:locale" content="en_GB" />
<meta property="og:type" content="article" />
<meta property="og:title" content="Plaza del Carmen - Beny and Roberto Hostel" />
<meta property="og:description" content="En este lugar, enclavado en el entonces referido hato de Antonio o Antón Díaz, el 15 de Julio de 1689, en una sencilla ceremonia, fue fundada la ciudad, en el territorio que los aborígenes cubanos denominaban “Cubanacan”. Su fundación se debe al establecimiento en esta zona de un grupo de familias provenientes de San Juan [&hellip;]" />
<meta property="og:url" content="https://benyandrobertohostel.com/en/plaza-del-carmen/" />
<meta property="og:site_name" content="Beny and Roberto Hostel" />
<meta property="article:modified_time" content="2023-05-25T10:55:21+00:00" />
<meta property="og:image" content="https://benyandrobertohostel.com/wp-content/uploads/2023/05/carmen.jpg" />
	<meta property="og:image:width" content="720" />
	<meta property="og:image:height" content="473" />
	<meta property="og:image:type" content="image/jpeg" />
<meta name="twitter:card" content="summary_large_image" />
<meta name="twitter:label1" content="Estimated reading time" />
	<meta name="twitter:data1" content="1 minute" />
<script type="application/ld+json" class="yoast-schema-graph">{"@context":"https:\/\/schema.org","@graph":[{"@type":"WebPage","@id":"https:\/\/benyandrobertohostel.com\/plaza-del-carmen\/","url":"https:\/\/benyandrobertohostel.com\/plaza-del-carmen\/","name":"Plaza del Carmen - Beny and Roberto Hostel","isPartOf":{"@id":"https:\/\/benyandrobertohostel.com\/#website"},"primaryImageOfPage":{"@id":"https:\/\/benyandrobertohostel.com\/plaza-del-carmen\/#primaryimage"},"image":{"@id":"https:\/\/benyandrobertohostel.com\/plaza-del-carmen\/#primaryimage"},"thumbnailUrl":"https:\/\/benyandrobertohostel.com\/wp-content\/uploads\/2023\/05\/carmen.jpg","datePublished":"2023-05-25T10:48:26+00:00","dateModified":"2023-05-25T10:55:21+00:00","breadcrumb":{"@id":"https:\/\/benyandrobertohostel.com\/plaza-del-carmen\/#breadcrumb"},"inLanguage":"en-GB","potentialAction":[{"@type":"ReadAction","target":["https:\/\/benyandrobertohostel.com\/plaza-del-carmen\/"]}]},{"@type":"ImageObject","inLanguage":"en-GB","@id":"https:\/\/benyandrobertohostel.com\/plaza-del-carmen\/#primaryimage","url":"https:\/\/benyandrobertohostel.com\/wp-content\/uploads\/2023\/05\/carmen.jpg","contentUrl":"https:\/\/benyandrobertohostel.com\/wp-content\/uploads\/2023\/05\/carmen.jpg"},{"@type":"BreadcrumbList","@id":"https:\/\/benyandrobertohostel.com\/plaza-del-carmen\/#breadcrumb","itemListElement":[{"@type":"ListItem","position":1,"name":"Portada","item":"https:\/\/benyandrobertohostel.com\/"},{"@type":"ListItem","position":2,"name":"Plaza del Carmen"}]},{"@type":"WebSite","@id":"https:\/\/benyandrobertohostel.com\/#website","url":"https:\/\/benyandrobertohostel.com\/","name":"Beny and Roberto Hostel","description":"La mejor opción en el centro de la isla","publisher":{"@id":"https:\/\/benyandrobertohostel.com\/#organization"},"potentialAction":[{"@type":"SearchAction","target":{"@type":"EntryPoint","urlTemplate":"https:\/\/benyandrobertohostel.com\/?s={search_term_string}"},"query-input":{"@type":"PropertyValueSpecification","valueRequired":true,"valueName":"search_term_string"}}],"inLanguage":"en-GB"},{"@type":"Organization","@id":"https:\/\/benyandrobertohostel.com\/#organization","name":"Beny and Roberto Hostel","url":"https:\/\/benyandrobertohostel.com\/","logo":{"@type":"ImageObject","inLanguage":"en-GB","@id":"https:\/\/benyandrobertohostel.com\/#\/schema\/logo\/image\/","url":"https:\/\/benyandrobertohostel.com\/wp-content\/uploads\/2023\/05\/logo.png","contentUrl":"https:\/\/benyandrobertohostel.com\/wp-content\/uploads\/2023\/05\/logo.png","width":395,"height":66,"caption":"Beny and Roberto Hostel"},"image":{"@id":"https:\/\/benyandrobertohostel.com\/#\/schema\/logo\/image\/"}}]}</script>
<!-- / Yoast SEO plugin. -->

En este lugar, enclavado en el entonces referido hato de Antonio o Antón Díaz, el 15 de Julio de 1689, en una sencilla ceremonia, fue fundada la ciudad, en el territorio que los aborígenes cubanos denominaban “Cubanacan”. Su fundación se debe al establecimiento en esta zona de un grupo de familias provenientes de San Juan [&hellip;]

La mejor opción en el centro de la isla
